 = -m**3 - 2*m**2 + 12*m + 19. Let h be c(-5). List the prime factors of (h/(-4))/(4/((-16)/2)).
17
Suppose 220*d - 181*d - 164619 = 0. What are the prime factors of d?
3, 7, 67
Suppose -5*a + 63 = 58, -85905 = -5*p - 5*a. List the prime factors of p.
2, 5, 859
Suppose 18*r = -731 - 727. List the prime factors of 87/27 + 3/(r/6).
3
Let o = -5 + 103. Suppose -2*a + 232 = -o. List the prime factors of a.
3, 5, 11
List the prime factors of -1447*(2 + 30/(-10)).
1447
Suppose 7*m + 60 = -38. What are the prime factors of 17*m*((-6)/3 - -1)?
2, 7, 17
Suppose 4*q - 6 = a + 2, -a = 4*q. Let b be (-5)/(-2) + a/8. What are the prime factors of b/4*66 + 0 + 1?
2, 17
Let v(i) = -6742*i - 317. What are the prime factors of v(-2)?
3, 7, 11, 19
Suppose -18*v + 28*v = 16970. Suppose 5*d + 428 = 6*d - q, -q = -4*d + v. What are the prime factors of d?
3, 47
Suppose 4*l + p - 61129 = 151782, 7 = p. What are the prime factors of l?
2, 3, 2957
Let r(y) = -366*y**3 + y**2 + 2*y - 6. List the prime factors of r(-2).
2, 3, 487
Let r = 13501 - 7054. List the prime factors of r.
3, 7, 307
What are the prime factors of 594*7 + (-207)/23?
3, 461
Let a(d) = -10*d**3 + 4*d**2 + 4*d + 2. Let k be a(-3). Suppose -10*g - k - 374 = 0. Let z = g + 93. List the prime factors of z.
2, 13
Suppose r + 5*a - 3189 = 3045, -4*r - a + 24841 = 0. What are the prime factors of r?
7, 887
Let c(u) = -40*u + 1119. Let j be c(28). Let m(d) be the second derivative of -55*d**3/6 - 7*d**2/2 + d. List the prime factors of m(j).
2, 3
Let f(s) = 11*s**2 + 8*s**2 - 75 + s - 2*s + 5*s. List the prime factors of f(-8).
1109
Let u(w) = 3445*w**3 - 3*w**2 + 9*w - 8. List the prime factors of u(1).
11, 313
Let l = -13 - -19. Suppose -2*t = -l, 2*t + 74 = 3*k - 109. Let b = -26 + k. List the prime factors of b.
37
Let i(k) = k + 1. Let p(t) = 4. Let r(z) = z - 5. Let w(y) = 7*p(y) + 6*r(y). Let l(d) = -4*i(d) + 4*w(d). What are the prime factors of l(7)?
2
Suppose 137822 - 421550 = -138*j. List the prime factors of j.
2, 257
Let q = 56 - 49. Suppose -3*x = -q*x + 4, -3*m - 4*x + 46 = 0. List the prime factors of 2280/56 - (-4)/m.
41
Suppose -5*f + 4*f - 741 = 0. Let g = f + 1227. Suppose 6*x - 3*x - g = 0. What are the prime factors of x?
2, 3
Suppose 185*h - 5532816 = 4011575 + 416564. What are the prime factors of h?
23, 2341
Let s = -24010 - -41311. What are the prime factors of s?
3, 73, 79
Suppose 4*p - 12414 = -4*m + 3*p, 4*p + 8 = 0. Suppose -m = 307*z - 311*z. List the prime factors of z.
2, 97
Let h(x) = x**3 + 8*x**2 + 4. Let d be h(-4). Suppose 298 = p + d. Let o = p + -26. List the prime factors of o.
2, 3, 17
Let i(z) = 220*z**2 + 36*z + 183. List the prime factors of i(-6).
3, 11, 239
Let f(x) = -x + 6. Let n be f(6). Suppose n = 5*u - 2*t + 581, 4*u - t + 4*t = -451. What are the prime factors of u/(-3) - (-2)/(-6)?
2, 19
Let g(y) be the first derivative of y**4/4 - y**3/3 - 3*y**2/2 + 4*y + 2. Let t = -1 - -6. List the prime factors of g(t).
89
Suppose 2*j = 6*j, -3*n + 4*j + 345 = 0. Suppose 4*k - 285 = 5*l, -2*k - 3*l = -0*l - n. List the prime factors of k.
5, 13
Let u(z) = z**2 - 3*z - 11. Let d be u(-6). Suppose 0 = 5*x - d + 28. Suppose -728 = -7*o + x*o. List the prime factors of o.
2, 7, 13
Let j(c) = -2*c - 9. Suppose 19 = -2*k - 17. Let l be j(k). What are the prime factors of (-28 + l)*2*-6*13?
2, 3, 13
Let m(w) = 2*w - 2. Let r be m(16). Suppose -28*k - 412 = -r*k. Let t = k - -7. List the prime factors of t.
3, 71
Let q = 17 + -18. Let a be (0 + -4)/(-4) - 1/q. Suppose -w - 230 = a*g - 3*g, 4*g - 3*w = 915. List the prime factors of g.
3, 5
Let x = -16 - -20. Suppose 2*l - 2 - x = 0. What are the prime factors of (-7 - -1) + l - -172?
13
Let w(x) = -6*x - 1. Let v be w(-1). Suppose 3*g = -9*g + 60. Suppose 505 = g*j - v*m, -j + 85 = 4*m - m. List the prime factors of j.
97
Let a be -3 - (2 + 1)*-1. Suppose a = 5*b - 21*b + 9520. What are the prime factors of b?
5, 7, 17
Suppose -160 = -22*l + 2*l. Suppose l = y - 8. List the prime factors of y.
2
Let c be 16 + -12 + 0 + 3. Suppose -c = z - 11. Suppose -3*m + z*m - 39 = 0. List the prime factors of m.
3, 13
What are the prime factors of ((-18237)/2)/(660/(-2200))?
5, 6079
Let n(f) be the second derivative of -f**5/20 + f**4/12 + 5*f**3/6 - 3*f**2/2 - 296*f. Let b be -1*5*(0 + 1). What are the prime factors of n(b)?
2, 61
What are the prime factors of (-70 - -76)/(3/3962)?
2, 7, 283
Suppose g + 75 = -2*g. Let a(u) = u**3 + 6*u**2 - 3*u + 11. Let y be a(-5). Let f = y + g. List the prime factors of f.
2, 13
Let d(i) = -9*i - 24. Let w be d(9). Let v = -83 - w. Let f = v + 171. What are the prime factors of f?
193
Let j be ((-2060)/30)/((-1)/(-18)). Let s = j + 1783. List the prime factors of s.
547
Let l(s) = -10 - 3 + 9*s - s + 4*s. Let g be l(-3). Let c = 61 + g. List the prime factors of c.
2, 3
List the prime factors of -4*8/96*(66069 - -3)/(-2).
2, 2753
Suppose 23*a = 29*a. Suppose 5366 = 5*b - 3*k - a*k, -5*b + 5360 = -5*k. List the prime factors of b.
5, 43
Suppose 4*c + 4*z = 6*c + 1336, 2*c - 5*z + 1334 = 0. Let j = c - -1385. What are the prime factors of j?
23, 31
Suppose -7*j - 1580 = 5*g - 4*j, 2*g - 5*j = -632. Let t = g + 412. List the prime factors of t.
2, 3
Suppose -12*s + 4896 - 1908 = 0. Let j = -162 + s. What are the prime factors of j?
3, 29
Suppose 3*l - o - 13 = 0, -l + 3*l - 18 = -4*o. Suppose -3*f + l*k + 5 = -31, 4*f + 3*k - 48 = 0. Suppose 10*n = f*n - 148. What are the prime factors of n?
2, 37
Let p(a) be the second derivative of 139*a**5/60 - 5*a**4/24 - 23*a**3/3 + 43*a. Let d(i) be the second derivative of p(i). List the prime factors of d(1).
3, 7, 13
Let v(j) = -705*j**3 + 3*j**2 - 6*j - 3. What are the prime factors of v(-3)?
3, 6359
Suppose 18 = -4*v + 7*v. Suppose 4*t - v*t + 8 = 0. List the prime factors of (4/3)/t + 20/3.
7
Let t(x) = 475*x**3 - x**2 - x - 1. Let l be t(-1). Let s = 58 - l. What are the prime factors of (3/(-9))/((-2)/s)?
89
Let n(z) be the second derivative of -z**4/12 - 7*z**3/2 - 7*z**2 - 190*z. What are the prime factors of n(-6)?
2, 19
Suppose 7*b - 21*b - 5614 = 0. Let n = b + 847. List the prime factors of n.
2, 223
Suppose 4*q = 8 + 12. Let i(d) = 2 + 17*d + 9 + 11*d - 6*d. List the prime factors of i(q).
11
Suppose 1626600 + 344460 = 390*b. List the prime factors of b.
2, 7, 19
Let f(w) = -3*w + 1. Let s be f(2). Suppose -2*l - 132 = -2*y, -4*l - 2*y = 45 + 201. Let d = s - l. List the prime factors of d.
2, 29
Let z(h) = 567*h**2 - h - 5. Let d be z(5). Suppose 12*n = 17*n - d. Suppose 0 = 15*u + 88 - n. List the prime factors of u.
3, 61
Let q(c) = -121*c - 23. Let x be q(27). List the prime factors of ((-5)/2)/(35/x).
5, 47
Suppose 0 = 2*d + 3*l - 3 + 13, -5*d - 25 = 4*l. Let o be 1/(d/(-250)*5). Suppose -63 = -13*k + o*k. What are the prime factors of k?
3, 7
Let k(g) = g**3 - 11*g**2 - 3*g + 23. Let m be k(11). What are the prime factors of 10128/60 - (-8)/m?
2, 3, 7
Suppose 21 = 5*l - 3*v, -2*v + 3*v = 3. Suppose -l*k + 132 = 330. List the prime factors of (-4)/6 - 3190/k.
2, 3
Let m = 120 - 105. Suppose f + m = 16*f. List the prime factors of (0 - 3) + 48 + (-1)/f.
2, 11
Let a = -64853 + 129101. List the prime factors of a.
2, 3, 2677
Let m(x) = -x**3 - 13*x**2 + 13*x + 9. Let a be m(-14). Let w(r) = -39*r + 7 + a*r + 17*r. What are the prime factors of w(8)?
3, 5
Let q(t) = -t**2 - 10*t + 11. Let b be q(-10). Suppose -28 = 4*c - b*c. Suppose 3*f + 0*y = 3*y + 384, 0 = -f - c*y + 113. What are the prime factors of f?
5
Suppose -2*u - 70 = -3*g, 3*u + 117 = 14*g - 9*g. What are the prime factors of (g/(-9))/(1 + 1052/(-1044))?
2, 3, 29
Let x(r) = 387*r**2 - 85*r - 79. List the prime factors of x(7).
18289
Let f(b) = 12*b**2 - 11*b + 21. Let k = 417 + -407. What are the prime factors of f(k)?
11, 101
Suppose -4*w + 4*z = 9*z + 28, 5*z = 4*w + 28. Let y(i) = 2*i + 9. Let k be y(w). What are the prime factors of -4 + (190 - k)/1?
191
Let p = 53 - 51. Suppose -3*j = h - 298, -h - 273 = -2*h + p*j. Suppose l = 2*k - 6*k + h, -212 = -3*k - l. What are the prime factors of k?
71
Let h(p) = -p**3 - 3*p**2 - 3*p - 6. Let t be h(-3). Suppose -t*k = 2*j + 2*j - 81, 5*k = -j + 16. What are the prime factors of 78 - 7/(j/(-9))?
3
Let z = 19 + -28. Let i(n) be the 